{"id":665,"date":"2022-07-25T16:33:30","date_gmt":"2022-07-25T20:33:30","guid":{"rendered":"https:\/\/tomaempleo.com\/test\/?page_id=665"},"modified":"2026-04-13T02:33:43","modified_gmt":"2026-04-13T06:33:43","slug":"iniciar-sesion","status":"publish","type":"page","link":"https:\/\/tomaempleo.com\/dominicana\/iniciar-sesion\/","title":{"rendered":"Iniciar sesi\u00f3n"},"content":{"rendered":"\t\t<div data-elementor-type=\"wp-page\" data-elementor-id=\"665\" class=\"elementor elementor-665\" data-elementor-post-type=\"page\">\n\t\t\t\t<div class=\"elementor-element elementor-element-4060b47 e-con-full e-flex e-con e-parent\" data-id=\"4060b47\" data-element_type=\"container\" data-settings=\"{&quot;background_background&quot;:&quot;classic&quot;,&quot;jet_parallax_layout_list&quot;:[]}\">\n\t\t<div class=\"elementor-element elementor-element-2469395 e-con-full e-flex e-con e-child\" data-id=\"2469395\" data-element_type=\"container\" data-settings=\"{&quot;background_background&quot;:&quot;classic&quot;,&quot;jet_parallax_layout_list&quot;:[]}\">\n\t\t\t\t<div class=\"elementor-element elementor-element-235eda8 elementor-view-default elementor-widget elementor-widget-icon\" data-id=\"235eda8\" data-element_type=\"widget\" data-widget_type=\"icon.default\">\n\t\t\t\t\t\t\t<div class=\"elementor-icon-wrapper\">\n\t\t\t<a class=\"elementor-icon\" href=\"https:\/\/tomaempleo.com\/dominicana\/\">\n\t\t\t<i aria-hidden=\"true\" class=\"fas fa-long-arrow-alt-left\"><\/i>\t\t\t<\/a>\n\t\t<\/div>\n\t\t\t\t\t\t<\/div>\n\t\t\t\t<\/div>\n\t\t<div class=\"elementor-element elementor-element-add24c0 e-con-full e-flex e-con e-child\" data-id=\"add24c0\" data-element_type=\"container\" data-settings=\"{&quot;background_background&quot;:&quot;classic&quot;,&quot;jet_parallax_layout_list&quot;:[]}\">\n\t\t\t\t<div class=\"elementor-element elementor-element-48ee262 elementor-widget elementor-widget-image\" data-id=\"48ee262\" data-element_type=\"widget\" data-widget_type=\"image.default\">\n\t\t\t\t\t\t\t\t\t\t\t\t\t\t\t<img loading=\"lazy\" decoding=\"async\" width=\"300\" height=\"120\" src=\"https:\/\/tomaempleo.com\/dominicana\/wp-content\/terd-mediafiles\/logo-tomaempleo-oficial-web-1-300x120.webp\" class=\"attachment-medium size-medium wp-image-118187\" alt=\"\" srcset=\"https:\/\/tomaempleo.com\/dominicana\/wp-content\/terd-mediafiles\/logo-tomaempleo-oficial-web-1-300x120.webp 300w, https:\/\/tomaempleo.com\/dominicana\/wp-content\/terd-mediafiles\/logo-tomaempleo-oficial-web-1.webp 500w\" sizes=\"auto, (max-width: 300px) 100vw, 300px\" \/>\t\t\t\t\t\t\t\t\t\t\t\t\t\t\t<\/div>\n\t\t\t\t<div class=\"elementor-element elementor-element-4da7c22 elementor-widget elementor-widget-heading\" data-id=\"4da7c22\" data-element_type=\"widget\" data-widget_type=\"heading.default\">\n\t\t\t\t\t<h1 class=\"elementor-heading-title elementor-size-default\">Iniciar sesi\u00f3n como empleador<\/h1>\t\t\t\t<\/div>\n\t\t\t\t<div class=\"elementor-element elementor-element-675054f elementor-widget__width-inherit elementor-widget elementor-widget-jet-form-builder-form\" data-id=\"675054f\" data-element_type=\"widget\" data-widget_type=\"jet-form-builder-form.default\">\n\t\t\t\t<div class=\"elementor-widget-container\">\n\t\t\t\t\t<link rel='stylesheet' id='wp-block-library-css' href='https:\/\/tomaempleo.com\/dominicana\/wp-includes\/css\/dist\/block-library\/style.min.css?ver=6.8.5' media='all' \/>\n<style id=\"jet-form-builder-109547-inline-css\"><\/style><form  class=\"jet-form-builder layout-column submit-type-reload\" action=\"https:\/\/tomaempleo.com\/dominicana\/wp-json\/wp\/v2\/pages\/665\/?SeIIri=eEhSgO5dqS&amp;method=reload\" method=\"POST\" data-form-id=\"109547\" data-layout=\"column\" enctype=\"multipart\/form-data\" novalidate=\"null\" ssr_validation_method=\"rest\"><input type=\"hidden\" id=\"_wpnonce\" name=\"_wpnonce\" value=\"07bd9900b2\" \/><input type=\"hidden\" name=\"_wp_http_referer\" value=\"\/dominicana\/wp-json\/wp\/v2\/pages\/665\" \/>\r\n<input type=\"hidden\" name=\"_jfb_current_render_states[]\" value=\"DEFAULT.STATE\" data-jfb-sync \/><input type=\"hidden\" class=\"jet-form-builder__field hidden-field\" name=\"_jet_engine_booking_form_id\" data-field-name=\"_jet_engine_booking_form_id\" value=\"109547\">\n<input type=\"hidden\" class=\"jet-form-builder__field hidden-field\" name=\"_jet_engine_refer\" data-field-name=\"_jet_engine_refer\" value=\"https:\/\/tomaempleo.com\/dominicana\/wp-json\/wp\/v2\/pages\/665\/\">\n<input type=\"hidden\" class=\"jet-form-builder__field hidden-field\" name=\"__queried_post_id\" data-field-name=\"__queried_post_id\" value=\"665\">\n\n<input type=\"hidden\" class=\"jet-form-builder__field hidden-field\" name=\"from_query_variable\" data-field-name=\"from_query_variable\" data-jfb-sync=\"null\">\n\n\n\n<div  class=\"jet-form-builder-row field-type-text-field\" >\n<div class=\"jet-form-builder__label\">\r\n<div class=\"jet-form-builder__label-text\">Correo electr\u00f3nico <span class=\"jet-form-builder__required\">*<\/span><\/div><\/div><div class=\"jet-form-builder__field-wrap\">\n\t\t\t\t<input required=\"required\" name=\"login_email\" id=\"login_email\" type=\"email\" data-field-name=\"login_email\" class=\"jet-form-builder__field text-field\" data-jfb-sync=\"null\" autocomplete=\"off_S7Kdt5On\">\n\t\t\t\t\t<\/div>\n<\/div>\n\n<div  class=\"jet-form-builder-row field-type-text-field\" >\n<div class=\"jet-form-builder__label\">\r\n<div class=\"jet-form-builder__label-text\">Contrase\u00f1a <span class=\"jet-form-builder__required\">*<\/span><\/div><\/div><div class=\"jet-form-builder__field-wrap\">\n\t\t\t\t<input required=\"required\" name=\"password\" id=\"password\" type=\"password\" data-field-name=\"password\" class=\"jet-form-builder__field text-field\" data-jfb-sync=\"null\" autocomplete=\"off_ewlicGax\">\n\t\t\t\t\t<\/div>\n<\/div>\n\n<div  class=\"jet-form-builder-row field-type-submit-field\" >\n\t<div data-type=\"submit\" class=\"jet-form-builder__action-button-wrapper jet-form-builder__submit-wrap\">\n\t<button class=\"jet-form-builder__action-button jet-form-builder__submit submit-type-reload\" type=\"submit\">Acceder<\/button>\n\t<\/div>\n\t\n<\/div>\t<div class=\"jet-form-builder-messages-wrap\" data-form-id=\"109547\"><\/div>\n<\/form>\n\t\t\t\t<\/div>\n\t\t\t\t<\/div>\n\t\t\t\t<div class=\"elementor-element elementor-element-5c606e5 elementor-widget-divider--view-line elementor-widget elementor-widget-divider\" data-id=\"5c606e5\" data-element_type=\"widget\" data-widget_type=\"divider.default\">\n\t\t\t\t\t\t\t<div class=\"elementor-divider\">\n\t\t\t<span class=\"elementor-divider-separator\">\n\t\t\t\t\t\t<\/span>\n\t\t<\/div>\n\t\t\t\t\t\t<\/div>\n\t\t\t\t<div class=\"elementor-element elementor-element-20550dd elementor-widget elementor-widget-shortcode\" data-id=\"20550dd\" data-element_type=\"widget\" data-widget_type=\"shortcode.default\">\n\t\t\t\t\t\t\t<div class=\"elementor-shortcode\"><div class=\"nsl-container nsl-container-block\" data-align=\"left\"><div class=\"nsl-container-buttons\"><a href=\"https:\/\/tomaempleo.com\/dominicana\/social-login-oauth\/?loginSocial=google&#038;redirect=https%3A%2F%2Ftomaempleo.com%2Fdominicana%2Fwp-json%2Fwp%2Fv2%2Fpages%2F665\" rel=\"nofollow\" aria-label=\"Entrar con &lt;b&gt;Google&lt;\/b&gt;\" data-plugin=\"nsl\" data-action=\"connect\" data-provider=\"google\" data-popupwidth=\"600\" data-popupheight=\"600\" data-e-disable-page-transition=\"1\"><div class=\"nsl-button nsl-button-default nsl-button-google\" data-skin=\"dark\" style=\"background-color:#131314;\"><div class=\"nsl-button-svg-container\"><svg xmlns=\"http:\/\/www.w3.org\/2000\/svg\" width=\"24\" height=\"24\" viewBox=\"0 0 24 24\"><path fill=\"#4285F4\" d=\"M20.64 12.2045c0-.6381-.0573-1.2518-.1636-1.8409H12v3.4814h4.8436c-.2086 1.125-.8427 2.0782-1.7959 2.7164v2.2581h2.9087c1.7018-1.5668 2.6836-3.874 2.6836-6.615z\"><\/path><path fill=\"#34A853\" d=\"M12 21c2.43 0 4.4673-.806 5.9564-2.1805l-2.9087-2.2581c-.8059.54-1.8368.859-3.0477.859-2.344 0-4.3282-1.5831-5.036-3.7104H3.9574v2.3318C5.4382 18.9832 8.4818 21 12 21z\"><\/path><path fill=\"#FBBC05\" d=\"M6.964 13.71c-.18-.54-.2822-1.1168-.2822-1.71s.1023-1.17.2823-1.71V7.9582H3.9573A8.9965 8.9965 0 0 0 3 12c0 1.4523.3477 2.8268.9573 4.0418L6.964 13.71z\"><\/path><path fill=\"#EA4335\" d=\"M12 6.5795c1.3214 0 2.5077.4541 3.4405 1.346l2.5813-2.5814C16.4632 3.8918 14.426 3 12 3 8.4818 3 5.4382 5.0168 3.9573 7.9582L6.964 10.29C7.6718 8.1627 9.6559 6.5795 12 6.5795z\"><\/path><\/svg><\/div><div class=\"nsl-button-label-container\">Entrar con <b>Google<\/b><\/div><\/div><\/a><\/div><\/div><\/div>\n\t\t\t\t\t\t<\/div>\n\t\t\t\t<div class=\"elementor-element elementor-element-3a2df8d elementor-widget-divider--view-line elementor-widget elementor-widget-divider\" data-id=\"3a2df8d\" data-element_type=\"widget\" data-widget_type=\"divider.default\">\n\t\t\t\t\t\t\t<div class=\"elementor-divider\">\n\t\t\t<span class=\"elementor-divider-separator\">\n\t\t\t\t\t\t<\/span>\n\t\t<\/div>\n\t\t\t\t\t\t<\/div>\n\t\t\t\t<div class=\"elementor-element elementor-element-34f7d8b elementor-icon-list--layout-inline elementor-list-item-link-full_width elementor-widget elementor-widget-icon-list\" data-id=\"34f7d8b\" data-element_type=\"widget\" data-widget_type=\"icon-list.default\">\n\t\t\t\t\t\t\t<ul class=\"elementor-icon-list-items elementor-inline-items\">\n\t\t\t\t\t\t\t<li class=\"elementor-icon-list-item elementor-inline-item\">\n\t\t\t\t\t\t\t\t\t\t\t<a href=\"https:\/\/tomaempleo.com\/dominicana\/crear-cuenta\/\">\n\n\t\t\t\t\t\t\t\t\t\t\t\t<span class=\"elementor-icon-list-icon\">\n\t\t\t\t\t\t\t<i aria-hidden=\"true\" class=\"fas fa-user-plus\"><\/i>\t\t\t\t\t\t<\/span>\n\t\t\t\t\t\t\t\t\t\t<span class=\"elementor-icon-list-text\">Registrarme<\/span>\n\t\t\t\t\t\t\t\t\t\t\t<\/a>\n\t\t\t\t\t\t\t\t\t<\/li>\n\t\t\t\t\t\t\t\t<li class=\"elementor-icon-list-item elementor-inline-item\">\n\t\t\t\t\t\t\t\t\t\t\t<a href=\"https:\/\/tomaempleo.com\/dominicana\/recuperar-mi-cuenta\/\">\n\n\t\t\t\t\t\t\t\t\t\t\t\t<span class=\"elementor-icon-list-icon\">\n\t\t\t\t\t\t\t<i aria-hidden=\"true\" class=\"fas fa-unlock-alt\"><\/i>\t\t\t\t\t\t<\/span>\n\t\t\t\t\t\t\t\t\t\t<span class=\"elementor-icon-list-text\">Olvid\u00e9 contrase\u00f1a<\/span>\n\t\t\t\t\t\t\t\t\t\t\t<\/a>\n\t\t\t\t\t\t\t\t\t<\/li>\n\t\t\t\t\t\t<\/ul>\n\t\t\t\t\t\t<\/div>\n\t\t\t\t<\/div>\n\t\t\t\t<\/div>\n\t\t\t\t<\/div>\n\t\t","protected":false},"excerpt":{"rendered":"<p>Iniciar sesi\u00f3n como empleador Correo electr\u00f3nico * Contrase\u00f1a * Acceder Registrarme Olvid\u00e9 contrase\u00f1a<\/p>\n","protected":false},"author":16531,"featured_media":0,"parent":0,"menu_order":0,"comment_status":"closed","ping_status":"closed","template":"elementor_canvas","meta":{"footnotes":""},"class_list":["post-665","page","type-page","status-publish","hentry"],"yoast_head":"<!-- This site is optimized with the Yoast SEO plugin v26.3 - https:\/\/yoast.com\/wordpress\/plugins\/seo\/ -->\n<title>Iniciar sesi\u00f3n | tomaempleo.com<\/title>\n<meta name=\"description\" content=\"Inicia sesi\u00f3n ahora para aplicar o publicar empleos en Rep\u00fablica Dominicana. Accede y explora inmensas oportunidades profesionales.\" \/>\n<meta name=\"robots\" content=\"index, follow, max-snippet:-1, max-image-preview:large, max-video-preview:-1\" \/>\n<link rel=\"canonical\" href=\"https:\/\/tomaempleo.com\/dominicana\/iniciar-sesion\/\" \/>\n<meta property=\"og:locale\" content=\"es_ES\" \/>\n<meta property=\"og:type\" content=\"article\" \/>\n<meta property=\"og:title\" content=\"Iniciar sesi\u00f3n | tomaempleo.com\" \/>\n<meta property=\"og:description\" content=\"Inicia sesi\u00f3n ahora para aplicar o publicar empleos en Rep\u00fablica Dominicana. Accede y explora inmensas oportunidades profesionales.\" \/>\n<meta property=\"og:url\" content=\"https:\/\/tomaempleo.com\/dominicana\/iniciar-sesion\/\" \/>\n<meta property=\"og:site_name\" content=\"tomaempleo.com\" \/>\n<meta property=\"article:publisher\" content=\"https:\/\/www.facebook.com\/tomaempleos\" \/>\n<meta property=\"article:modified_time\" content=\"2026-04-13T06:33:43+00:00\" \/>\n<meta property=\"og:image\" content=\"https:\/\/tomaempleo.com\/dominicana\/wp-content\/terd-mediafiles\/logo-tomaempleo-oficial-web-1.webp\" \/>\n\t<meta property=\"og:image:width\" content=\"500\" \/>\n\t<meta property=\"og:image:height\" content=\"200\" \/>\n\t<meta property=\"og:image:type\" content=\"image\/webp\" \/>\n<meta name=\"twitter:card\" content=\"summary_large_image\" \/>\n<meta name=\"twitter:site\" content=\"@tomaempleos\" \/>\n<meta name=\"twitter:label1\" content=\"Tiempo de lectura\" \/>\n\t<meta name=\"twitter:data1\" content=\"1 minuto\" \/>\n<script type=\"application\/ld+json\" class=\"yoast-schema-graph\">{\"@context\":\"https:\/\/schema.org\",\"@graph\":[{\"@type\":\"WebPage\",\"@id\":\"https:\/\/tomaempleo.com\/dominicana\/iniciar-sesion\/\",\"url\":\"https:\/\/tomaempleo.com\/dominicana\/iniciar-sesion\/\",\"name\":\"Iniciar sesi\u00f3n | tomaempleo.com\",\"isPartOf\":{\"@id\":\"https:\/\/tomaempleo.com\/dominicana\/#website\"},\"primaryImageOfPage\":{\"@id\":\"https:\/\/tomaempleo.com\/dominicana\/iniciar-sesion\/#primaryimage\"},\"image\":{\"@id\":\"https:\/\/tomaempleo.com\/dominicana\/iniciar-sesion\/#primaryimage\"},\"thumbnailUrl\":\"https:\/\/tomaempleo.com\/dominicana\/wp-content\/terd-mediafiles\/logo-tomaempleo-oficial-web-1-300x120.webp\",\"datePublished\":\"2022-07-25T20:33:30+00:00\",\"dateModified\":\"2026-04-13T06:33:43+00:00\",\"description\":\"Inicia sesi\u00f3n ahora para aplicar o publicar empleos en Rep\u00fablica Dominicana. Accede y explora inmensas oportunidades profesionales.\",\"breadcrumb\":{\"@id\":\"https:\/\/tomaempleo.com\/dominicana\/iniciar-sesion\/#breadcrumb\"},\"inLanguage\":\"es\",\"potentialAction\":[{\"@type\":\"ReadAction\",\"target\":[\"https:\/\/tomaempleo.com\/dominicana\/iniciar-sesion\/\"]}]},{\"@type\":\"ImageObject\",\"inLanguage\":\"es\",\"@id\":\"https:\/\/tomaempleo.com\/dominicana\/iniciar-sesion\/#primaryimage\",\"url\":\"https:\/\/tomaempleo.com\/dominicana\/wp-content\/terd-mediafiles\/logo-tomaempleo-oficial-web-1.webp\",\"contentUrl\":\"https:\/\/tomaempleo.com\/dominicana\/wp-content\/terd-mediafiles\/logo-tomaempleo-oficial-web-1.webp\",\"width\":500,\"height\":200},{\"@type\":\"BreadcrumbList\",\"@id\":\"https:\/\/tomaempleo.com\/dominicana\/iniciar-sesion\/#breadcrumb\",\"itemListElement\":[{\"@type\":\"ListItem\",\"position\":1,\"name\":\"Portada\",\"item\":\"https:\/\/tomaempleo.com\/dominicana\/\"},{\"@type\":\"ListItem\",\"position\":2,\"name\":\"Iniciar sesi\u00f3n\"}]},{\"@type\":\"WebSite\",\"@id\":\"https:\/\/tomaempleo.com\/dominicana\/#website\",\"url\":\"https:\/\/tomaempleo.com\/dominicana\/\",\"name\":\"tomaempleo.com\",\"description\":\"\u00bfBuscas trabajo? Empleos de RD aqu\u00ed\",\"publisher\":{\"@id\":\"https:\/\/tomaempleo.com\/dominicana\/#organization\"},\"alternateName\":\"tomaempleo\",\"potentialAction\":[{\"@type\":\"SearchAction\",\"target\":{\"@type\":\"EntryPoint\",\"urlTemplate\":\"https:\/\/tomaempleo.com\/dominicana\/?s={search_term_string}\"},\"query-input\":{\"@type\":\"PropertyValueSpecification\",\"valueRequired\":true,\"valueName\":\"search_term_string\"}}],\"inLanguage\":\"es\"},{\"@type\":\"Organization\",\"@id\":\"https:\/\/tomaempleo.com\/dominicana\/#organization\",\"name\":\"tomaempleo.com\",\"url\":\"https:\/\/tomaempleo.com\/dominicana\/\",\"logo\":{\"@type\":\"ImageObject\",\"inLanguage\":\"es\",\"@id\":\"https:\/\/tomaempleo.com\/dominicana\/#\/schema\/logo\/image\/\",\"url\":\"https:\/\/tomaempleo.com\/dominicana\/wp-content\/terd-mediafiles\/logo-tomaempleo.jpg\",\"contentUrl\":\"https:\/\/tomaempleo.com\/dominicana\/wp-content\/terd-mediafiles\/logo-tomaempleo.jpg\",\"width\":600,\"height\":600,\"caption\":\"tomaempleo.com\"},\"image\":{\"@id\":\"https:\/\/tomaempleo.com\/dominicana\/#\/schema\/logo\/image\/\"},\"sameAs\":[\"https:\/\/www.facebook.com\/tomaempleos\",\"https:\/\/x.com\/tomaempleos\",\"https:\/\/www.youtube.com\/@tomaempleo\",\"https:\/\/www.instagram.com\/tomaempleo\/\"]}]}<\/script>\n<!-- \/ Yoast SEO plugin. -->","yoast_head_json":{"title":"Iniciar sesi\u00f3n | tomaempleo.com","description":"Inicia sesi\u00f3n ahora para aplicar o publicar empleos en Rep\u00fablica Dominicana. Accede y explora inmensas oportunidades profesionales.","robots":{"index":"index","follow":"follow","max-snippet":"max-snippet:-1","max-image-preview":"max-image-preview:large","max-video-preview":"max-video-preview:-1"},"canonical":"https:\/\/tomaempleo.com\/dominicana\/iniciar-sesion\/","og_locale":"es_ES","og_type":"article","og_title":"Iniciar sesi\u00f3n | tomaempleo.com","og_description":"Inicia sesi\u00f3n ahora para aplicar o publicar empleos en Rep\u00fablica Dominicana. Accede y explora inmensas oportunidades profesionales.","og_url":"https:\/\/tomaempleo.com\/dominicana\/iniciar-sesion\/","og_site_name":"tomaempleo.com","article_publisher":"https:\/\/www.facebook.com\/tomaempleos","article_modified_time":"2026-04-13T06:33:43+00:00","og_image":[{"width":500,"height":200,"url":"https:\/\/tomaempleo.com\/dominicana\/wp-content\/terd-mediafiles\/logo-tomaempleo-oficial-web-1.webp","type":"image\/webp"}],"twitter_card":"summary_large_image","twitter_site":"@tomaempleos","twitter_misc":{"Tiempo de lectura":"1 minuto"},"schema":{"@context":"https:\/\/schema.org","@graph":[{"@type":"WebPage","@id":"https:\/\/tomaempleo.com\/dominicana\/iniciar-sesion\/","url":"https:\/\/tomaempleo.com\/dominicana\/iniciar-sesion\/","name":"Iniciar sesi\u00f3n | tomaempleo.com","isPartOf":{"@id":"https:\/\/tomaempleo.com\/dominicana\/#website"},"primaryImageOfPage":{"@id":"https:\/\/tomaempleo.com\/dominicana\/iniciar-sesion\/#primaryimage"},"image":{"@id":"https:\/\/tomaempleo.com\/dominicana\/iniciar-sesion\/#primaryimage"},"thumbnailUrl":"https:\/\/tomaempleo.com\/dominicana\/wp-content\/terd-mediafiles\/logo-tomaempleo-oficial-web-1-300x120.webp","datePublished":"2022-07-25T20:33:30+00:00","dateModified":"2026-04-13T06:33:43+00:00","description":"Inicia sesi\u00f3n ahora para aplicar o publicar empleos en Rep\u00fablica Dominicana. Accede y explora inmensas oportunidades profesionales.","breadcrumb":{"@id":"https:\/\/tomaempleo.com\/dominicana\/iniciar-sesion\/#breadcrumb"},"inLanguage":"es","potentialAction":[{"@type":"ReadAction","target":["https:\/\/tomaempleo.com\/dominicana\/iniciar-sesion\/"]}]},{"@type":"ImageObject","inLanguage":"es","@id":"https:\/\/tomaempleo.com\/dominicana\/iniciar-sesion\/#primaryimage","url":"https:\/\/tomaempleo.com\/dominicana\/wp-content\/terd-mediafiles\/logo-tomaempleo-oficial-web-1.webp","contentUrl":"https:\/\/tomaempleo.com\/dominicana\/wp-content\/terd-mediafiles\/logo-tomaempleo-oficial-web-1.webp","width":500,"height":200},{"@type":"BreadcrumbList","@id":"https:\/\/tomaempleo.com\/dominicana\/iniciar-sesion\/#breadcrumb","itemListElement":[{"@type":"ListItem","position":1,"name":"Portada","item":"https:\/\/tomaempleo.com\/dominicana\/"},{"@type":"ListItem","position":2,"name":"Iniciar sesi\u00f3n"}]},{"@type":"WebSite","@id":"https:\/\/tomaempleo.com\/dominicana\/#website","url":"https:\/\/tomaempleo.com\/dominicana\/","name":"tomaempleo.com","description":"\u00bfBuscas trabajo? Empleos de RD aqu\u00ed","publisher":{"@id":"https:\/\/tomaempleo.com\/dominicana\/#organization"},"alternateName":"tomaempleo","potentialAction":[{"@type":"SearchAction","target":{"@type":"EntryPoint","urlTemplate":"https:\/\/tomaempleo.com\/dominicana\/?s={search_term_string}"},"query-input":{"@type":"PropertyValueSpecification","valueRequired":true,"valueName":"search_term_string"}}],"inLanguage":"es"},{"@type":"Organization","@id":"https:\/\/tomaempleo.com\/dominicana\/#organization","name":"tomaempleo.com","url":"https:\/\/tomaempleo.com\/dominicana\/","logo":{"@type":"ImageObject","inLanguage":"es","@id":"https:\/\/tomaempleo.com\/dominicana\/#\/schema\/logo\/image\/","url":"https:\/\/tomaempleo.com\/dominicana\/wp-content\/terd-mediafiles\/logo-tomaempleo.jpg","contentUrl":"https:\/\/tomaempleo.com\/dominicana\/wp-content\/terd-mediafiles\/logo-tomaempleo.jpg","width":600,"height":600,"caption":"tomaempleo.com"},"image":{"@id":"https:\/\/tomaempleo.com\/dominicana\/#\/schema\/logo\/image\/"},"sameAs":["https:\/\/www.facebook.com\/tomaempleos","https:\/\/x.com\/tomaempleos","https:\/\/www.youtube.com\/@tomaempleo","https:\/\/www.instagram.com\/tomaempleo\/"]}]}},"_links":{"self":[{"href":"https:\/\/tomaempleo.com\/dominicana\/wp-json\/wp\/v2\/pages\/665","targetHints":{"allow":["GET"]}}],"collection":[{"href":"https:\/\/tomaempleo.com\/dominicana\/wp-json\/wp\/v2\/pages"}],"about":[{"href":"https:\/\/tomaempleo.com\/dominicana\/wp-json\/wp\/v2\/types\/page"}],"author":[{"embeddable":true,"href":"https:\/\/tomaempleo.com\/dominicana\/wp-json\/wp\/v2\/users\/16531"}],"replies":[{"embeddable":true,"href":"https:\/\/tomaempleo.com\/dominicana\/wp-json\/wp\/v2\/comments?post=665"}],"version-history":[{"count":27,"href":"https:\/\/tomaempleo.com\/dominicana\/wp-json\/wp\/v2\/pages\/665\/revisions"}],"predecessor-version":[{"id":119755,"href":"https:\/\/tomaempleo.com\/dominicana\/wp-json\/wp\/v2\/pages\/665\/revisions\/119755"}],"wp:attachment":[{"href":"https:\/\/tomaempleo.com\/dominicana\/wp-json\/wp\/v2\/media?parent=665"}],"curies":[{"name":"wp","href":"https:\/\/api.w.org\/{rel}","templated":true}]}}