{"id":32889,"date":"2023-02-14T16:47:28","date_gmt":"2023-02-14T20:47:28","guid":{"rendered":"https:\/\/tomaempleo.com\/dominicana\/trabajos\/ejecutivo-de-ventas-externas\/"},"modified":"2023-02-14T16:47:28","modified_gmt":"2023-02-14T20:47:28","slug":"ejecutivo-de-ventas-externas","status":"publish","type":"trabajos","link":"https:\/\/tomaempleo.com\/dominicana\/trabajos\/ejecutivo-de-ventas-externas\/","title":{"rendered":"Ejecutivo de ventas externas"},"content":{"rendered":"<p>Captar y cerrar nuevas oportunidades de negocios mediante el uso de un acercamiento asertivo con los clientes tanto nuevos como existentes.<br \/>\n1. Captaci\u00f3n de clientes por las diferentes v\u00edas existentes.<br \/>\n2. Proponer nuevas formas de captaci\u00f3n de clientes para aumentar la cartera.<br \/>\n3. Generar estrategias de ventas que permitan la materializaci\u00f3n de nuevas oportunidades de negocios con clientes nuevos y existentes.<br \/>\n4. Establecer buenas relaciones con los clientes y realizar negociaciones.<br \/>\n5. Enviar cotizaciones y dar seguimiento al cierre de las mismas.<br \/>\n6. Realizar visitas a los clientes y mostrarles las \u00e1reas de operaciones de la empresa cuando estos lo requieran (Puerto, almacenaje, etc.)<\/p>\n<p>Requisitos:<br \/>\nLicenciatura en negocios internacionales.<br \/>\nConocimiento de operaciones log\u00edsticas de importaci\u00f3n \/ Exportaci\u00f3n (Obligatorio).<br \/>\nIdioma ingl\u00e9s fluido (Obligatorio)<br \/>\nVeh\u00edculo propio<br \/>\nManejo de CRM<br \/>\nExperiencia m\u00ednima 3 a\u00f1os en sector importaci\u00f3n y exportaci\u00f3n.<\/p>\n<p>Beneficios de ley<br \/>\nComisiones por profit<br \/>\nCombustible<br \/>\nFlota<\/p>\n","protected":false},"author":18880,"template":"","class_list":["post-32889","trabajos","type-trabajos","status-publish","hentry"],"yoast_head":"<!-- This site is optimized with the Yoast SEO plugin v26.3 - https:\/\/yoast.com\/wordpress\/plugins\/seo\/ -->\n<title>Ejecutivo de ventas externas | tomaempleo.com<\/title>\n<meta name=\"robots\" content=\"index, follow, max-snippet:-1, max-image-preview:large, max-video-preview:-1\" \/>\n<link rel=\"canonical\" href=\"https:\/\/tomaempleo.com\/dominicana\/trabajos\/ejecutivo-de-ventas-externas\/\" \/>\n<meta property=\"og:locale\" content=\"es_ES\" \/>\n<meta property=\"og:type\" content=\"article\" \/>\n<meta property=\"og:title\" content=\"Ejecutivo de ventas externas | tomaempleo.com\" \/>\n<meta property=\"og:description\" content=\"Captar y cerrar nuevas oportunidades de negocios mediante el uso de un acercamiento asertivo con los clientes tanto nuevos como existentes. 1. Captaci\u00f3n de clientes por las diferentes v\u00edas existentes. 2. Proponer nuevas formas de captaci\u00f3n de clientes para aumentar la cartera. 3. Generar estrategias de ventas que permitan la materializaci\u00f3n de nuevas oportunidades de [&hellip;]\" \/>\n<meta property=\"og:url\" content=\"https:\/\/tomaempleo.com\/dominicana\/trabajos\/ejecutivo-de-ventas-externas\/\" \/>\n<meta property=\"og:site_name\" content=\"tomaempleo.com\" \/>\n<meta property=\"article:publisher\" content=\"https:\/\/www.facebook.com\/tomaempleos\" \/>\n<meta name=\"twitter:card\" content=\"summary_large_image\" \/>\n<meta name=\"twitter:site\" content=\"@tomaempleos\" \/>\n<meta name=\"twitter:label1\" content=\"Tiempo de lectura\" \/>\n\t<meta name=\"twitter:data1\" content=\"1 minuto\" \/>\n<script type=\"application\/ld+json\" class=\"yoast-schema-graph\">{\"@context\":\"https:\/\/schema.org\",\"@graph\":[{\"@type\":\"WebPage\",\"@id\":\"https:\/\/tomaempleo.com\/dominicana\/trabajos\/ejecutivo-de-ventas-externas\/\",\"url\":\"https:\/\/tomaempleo.com\/dominicana\/trabajos\/ejecutivo-de-ventas-externas\/\",\"name\":\"Ejecutivo de ventas externas | tomaempleo.com\",\"isPartOf\":{\"@id\":\"https:\/\/tomaempleo.com\/dominicana\/#website\"},\"datePublished\":\"2023-02-14T20:47:28+00:00\",\"breadcrumb\":{\"@id\":\"https:\/\/tomaempleo.com\/dominicana\/trabajos\/ejecutivo-de-ventas-externas\/#breadcrumb\"},\"inLanguage\":\"es\",\"potentialAction\":[{\"@type\":\"ReadAction\",\"target\":[\"https:\/\/tomaempleo.com\/dominicana\/trabajos\/ejecutivo-de-ventas-externas\/\"]}]},{\"@type\":\"BreadcrumbList\",\"@id\":\"https:\/\/tomaempleo.com\/dominicana\/trabajos\/ejecutivo-de-ventas-externas\/#breadcrumb\",\"itemListElement\":[{\"@type\":\"ListItem\",\"position\":1,\"name\":\"Portada\",\"item\":\"https:\/\/tomaempleo.com\/dominicana\/\"},{\"@type\":\"ListItem\",\"position\":2,\"name\":\"Ejecutivo de ventas externas\"}]},{\"@type\":\"WebSite\",\"@id\":\"https:\/\/tomaempleo.com\/dominicana\/#website\",\"url\":\"https:\/\/tomaempleo.com\/dominicana\/\",\"name\":\"tomaempleo.com\",\"description\":\"\u00bfBuscas trabajo? Empleos de RD aqu\u00ed\",\"publisher\":{\"@id\":\"https:\/\/tomaempleo.com\/dominicana\/#organization\"},\"alternateName\":\"tomaempleo\",\"potentialAction\":[{\"@type\":\"SearchAction\",\"target\":{\"@type\":\"EntryPoint\",\"urlTemplate\":\"https:\/\/tomaempleo.com\/dominicana\/?s={search_term_string}\"},\"query-input\":{\"@type\":\"PropertyValueSpecification\",\"valueRequired\":true,\"valueName\":\"search_term_string\"}}],\"inLanguage\":\"es\"},{\"@type\":\"Organization\",\"@id\":\"https:\/\/tomaempleo.com\/dominicana\/#organization\",\"name\":\"tomaempleo.com\",\"url\":\"https:\/\/tomaempleo.com\/dominicana\/\",\"logo\":{\"@type\":\"ImageObject\",\"inLanguage\":\"es\",\"@id\":\"https:\/\/tomaempleo.com\/dominicana\/#\/schema\/logo\/image\/\",\"url\":\"https:\/\/tomaempleo.com\/dominicana\/wp-content\/terd-mediafiles\/logo-tomaempleo.jpg\",\"contentUrl\":\"https:\/\/tomaempleo.com\/dominicana\/wp-content\/terd-mediafiles\/logo-tomaempleo.jpg\",\"width\":600,\"height\":600,\"caption\":\"tomaempleo.com\"},\"image\":{\"@id\":\"https:\/\/tomaempleo.com\/dominicana\/#\/schema\/logo\/image\/\"},\"sameAs\":[\"https:\/\/www.facebook.com\/tomaempleos\",\"https:\/\/x.com\/tomaempleos\",\"https:\/\/www.youtube.com\/@tomaempleo\",\"https:\/\/www.instagram.com\/tomaempleo\/\"]}]}<\/script>\n<!-- \/ Yoast SEO plugin. -->","yoast_head_json":{"title":"Ejecutivo de ventas externas | tomaempleo.com","robots":{"index":"index","follow":"follow","max-snippet":"max-snippet:-1","max-image-preview":"max-image-preview:large","max-video-preview":"max-video-preview:-1"},"canonical":"https:\/\/tomaempleo.com\/dominicana\/trabajos\/ejecutivo-de-ventas-externas\/","og_locale":"es_ES","og_type":"article","og_title":"Ejecutivo de ventas externas | tomaempleo.com","og_description":"Captar y cerrar nuevas oportunidades de negocios mediante el uso de un acercamiento asertivo con los clientes tanto nuevos como existentes. 1. Captaci\u00f3n de clientes por las diferentes v\u00edas existentes. 2. Proponer nuevas formas de captaci\u00f3n de clientes para aumentar la cartera. 3. Generar estrategias de ventas que permitan la materializaci\u00f3n de nuevas oportunidades de [&hellip;]","og_url":"https:\/\/tomaempleo.com\/dominicana\/trabajos\/ejecutivo-de-ventas-externas\/","og_site_name":"tomaempleo.com","article_publisher":"https:\/\/www.facebook.com\/tomaempleos","twitter_card":"summary_large_image","twitter_site":"@tomaempleos","twitter_misc":{"Tiempo de lectura":"1 minuto"},"schema":{"@context":"https:\/\/schema.org","@graph":[{"@type":"WebPage","@id":"https:\/\/tomaempleo.com\/dominicana\/trabajos\/ejecutivo-de-ventas-externas\/","url":"https:\/\/tomaempleo.com\/dominicana\/trabajos\/ejecutivo-de-ventas-externas\/","name":"Ejecutivo de ventas externas | tomaempleo.com","isPartOf":{"@id":"https:\/\/tomaempleo.com\/dominicana\/#website"},"datePublished":"2023-02-14T20:47:28+00:00","breadcrumb":{"@id":"https:\/\/tomaempleo.com\/dominicana\/trabajos\/ejecutivo-de-ventas-externas\/#breadcrumb"},"inLanguage":"es","potentialAction":[{"@type":"ReadAction","target":["https:\/\/tomaempleo.com\/dominicana\/trabajos\/ejecutivo-de-ventas-externas\/"]}]},{"@type":"BreadcrumbList","@id":"https:\/\/tomaempleo.com\/dominicana\/trabajos\/ejecutivo-de-ventas-externas\/#breadcrumb","itemListElement":[{"@type":"ListItem","position":1,"name":"Portada","item":"https:\/\/tomaempleo.com\/dominicana\/"},{"@type":"ListItem","position":2,"name":"Ejecutivo de ventas externas"}]},{"@type":"WebSite","@id":"https:\/\/tomaempleo.com\/dominicana\/#website","url":"https:\/\/tomaempleo.com\/dominicana\/","name":"tomaempleo.com","description":"\u00bfBuscas trabajo? Empleos de RD aqu\u00ed","publisher":{"@id":"https:\/\/tomaempleo.com\/dominicana\/#organization"},"alternateName":"tomaempleo","potentialAction":[{"@type":"SearchAction","target":{"@type":"EntryPoint","urlTemplate":"https:\/\/tomaempleo.com\/dominicana\/?s={search_term_string}"},"query-input":{"@type":"PropertyValueSpecification","valueRequired":true,"valueName":"search_term_string"}}],"inLanguage":"es"},{"@type":"Organization","@id":"https:\/\/tomaempleo.com\/dominicana\/#organization","name":"tomaempleo.com","url":"https:\/\/tomaempleo.com\/dominicana\/","logo":{"@type":"ImageObject","inLanguage":"es","@id":"https:\/\/tomaempleo.com\/dominicana\/#\/schema\/logo\/image\/","url":"https:\/\/tomaempleo.com\/dominicana\/wp-content\/terd-mediafiles\/logo-tomaempleo.jpg","contentUrl":"https:\/\/tomaempleo.com\/dominicana\/wp-content\/terd-mediafiles\/logo-tomaempleo.jpg","width":600,"height":600,"caption":"tomaempleo.com"},"image":{"@id":"https:\/\/tomaempleo.com\/dominicana\/#\/schema\/logo\/image\/"},"sameAs":["https:\/\/www.facebook.com\/tomaempleos","https:\/\/x.com\/tomaempleos","https:\/\/www.youtube.com\/@tomaempleo","https:\/\/www.instagram.com\/tomaempleo\/"]}]}},"_links":{"self":[{"href":"https:\/\/tomaempleo.com\/dominicana\/wp-json\/wp\/v2\/trabajos\/32889","targetHints":{"allow":["GET"]}}],"collection":[{"href":"https:\/\/tomaempleo.com\/dominicana\/wp-json\/wp\/v2\/trabajos"}],"about":[{"href":"https:\/\/tomaempleo.com\/dominicana\/wp-json\/wp\/v2\/types\/trabajos"}],"author":[{"embeddable":true,"href":"https:\/\/tomaempleo.com\/dominicana\/wp-json\/wp\/v2\/users\/18880"}],"version-history":[{"count":0,"href":"https:\/\/tomaempleo.com\/dominicana\/wp-json\/wp\/v2\/trabajos\/32889\/revisions"}],"wp:attachment":[{"href":"https:\/\/tomaempleo.com\/dominicana\/wp-json\/wp\/v2\/media?parent=32889"}],"curies":[{"name":"wp","href":"https:\/\/api.w.org\/{rel}","templated":true}]}}

<p>Captar y cerrar nuevas oportunidades de negocios mediante el uso de un acercamiento asertivo con los clientes tanto nuevos como existentes.<br />
1. Captación de clientes por las diferentes vías existentes.<br />
2. Proponer nuevas formas de captación de clientes para aumentar la cartera.<br />
3. Generar estrategias de ventas que permitan la materialización de nuevas oportunidades de negocios con clientes nuevos y existentes.<br />
4. Establecer buenas relaciones con los clientes y realizar negociaciones.<br />
5. Enviar cotizaciones y dar seguimiento al cierre de las mismas.<br />
6. Realizar visitas a los clientes y mostrarles las áreas de operaciones de la empresa cuando estos lo requieran (Puerto, almacenaje, etc.)</p>
<p>Requisitos:<br />
Licenciatura en negocios internacionales.<br />
Conocimiento de operaciones logísticas de importación / Exportación (Obligatorio).<br />
Idioma inglés fluido (Obligatorio)<br />
Vehículo propio<br />
Manejo de CRM<br />
Experiencia mínima 3 años en sector importación y exportación.</p>
<p>Beneficios de ley<br />
Comisiones por profit<br />
Combustible<br />
Flota</p>

<!-- This site is optimized with the Yoast SEO plugin v26.3 - https://yoast.com/wordpress/plugins/seo/ -->
<title>Ejecutivo de ventas externas | tomaempleo.com</title>
<meta name="robots" content="index, follow, max-snippet:-1, max-image-preview:large, max-video-preview:-1" />
<link rel="canonical" href="https://tomaempleo.com/dominicana/trabajos/ejecutivo-de-ventas-externas/" />
<meta property="og:locale" content="es_ES" />
<meta property="og:type" content="article" />
<meta property="og:title" content="Ejecutivo de ventas externas | tomaempleo.com" />
<meta property="og:description" content="Captar y cerrar nuevas oportunidades de negocios mediante el uso de un acercamiento asertivo con los clientes tanto nuevos como existentes. 1. Captación de clientes por las diferentes vías existentes. 2. Proponer nuevas formas de captación de clientes para aumentar la cartera. 3. Generar estrategias de ventas que permitan la materialización de nuevas oportunidades de [&hellip;]" />
<meta property="og:url" content="https://tomaempleo.com/dominicana/trabajos/ejecutivo-de-ventas-externas/" />
<meta property="og:site_name" content="tomaempleo.com" />
<meta property="article:publisher" content="https://www.facebook.com/tomaempleos" />
<meta name="twitter:card" content="summary_large_image" />
<meta name="twitter:site" content="@tomaempleos" />
<meta name="twitter:label1" content="Tiempo de lectura" />
	<meta name="twitter:data1" content="1 minuto" />
<script type="application/ld+json" class="yoast-schema-graph">{"@context":"https://schema.org","@graph":[{"@type":"WebPage","@id":"https://tomaempleo.com/dominicana/trabajos/ejecutivo-de-ventas-externas/","url":"https://tomaempleo.com/dominicana/trabajos/ejecutivo-de-ventas-externas/","name":"Ejecutivo de ventas externas | tomaempleo.com","isPartOf":{"@id":"https://tomaempleo.com/dominicana/#website"},"datePublished":"2023-02-14T20:47:28+00:00","breadcrumb":{"@id":"https://tomaempleo.com/dominicana/trabajos/ejecutivo-de-ventas-externas/#breadcrumb"},"inLanguage":"es","potentialAction":[{"@type":"ReadAction","target":["https://tomaempleo.com/dominicana/trabajos/ejecutivo-de-ventas-externas/"]}]},{"@type":"BreadcrumbList","@id":"https://tomaempleo.com/dominicana/trabajos/ejecutivo-de-ventas-externas/#breadcrumb","itemListElement":[{"@type":"ListItem","position":1,"name":"Portada","item":"https://tomaempleo.com/dominicana/"},{"@type":"ListItem","position":2,"name":"Ejecutivo de ventas externas"}]},{"@type":"WebSite","@id":"https://tomaempleo.com/dominicana/#website","url":"https://tomaempleo.com/dominicana/","name":"tomaempleo.com","description":"¿Buscas trabajo? Empleos de RD aquí","publisher":{"@id":"https://tomaempleo.com/dominicana/#organization"},"alternateName":"tomaempleo","potentialAction":[{"@type":"SearchAction","target":{"@type":"EntryPoint","urlTemplate":"https://tomaempleo.com/dominicana/?s={search_term_string}"},"query-input":{"@type":"PropertyValueSpecification","valueRequired":true,"valueName":"search_term_string"}}],"inLanguage":"es"},{"@type":"Organization","@id":"https://tomaempleo.com/dominicana/#organization","name":"tomaempleo.com","url":"https://tomaempleo.com/dominicana/","logo":{"@type":"ImageObject","inLanguage":"es","@id":"https://tomaempleo.com/dominicana/#/schema/logo/image/","url":"https://tomaempleo.com/dominicana/wp-content/terd-mediafiles/logo-tomaempleo.jpg","contentUrl":"https://tomaempleo.com/dominicana/wp-content/terd-mediafiles/logo-tomaempleo.jpg","width":600,"height":600,"caption":"tomaempleo.com"},"image":{"@id":"https://tomaempleo.com/dominicana/#/schema/logo/image/"},"sameAs":["https://www.facebook.com/tomaempleos","https://x.com/tomaempleos","https://www.youtube.com/@tomaempleo","https://www.instagram.com/tomaempleo/"]}]}</script>
<!-- / Yoast SEO plugin. -->

Captar y cerrar nuevas oportunidades de negocios mediante el uso de un acercamiento asertivo con los clientes tanto nuevos como existentes. 1. Captación de clientes por las diferentes vías existentes. 2. Proponer nuevas formas de captación de clientes para aumentar la cartera. 3. Generar estrategias de ventas que permitan la materialización de nuevas oportunidades de [&hellip;]

¿Buscas trabajo? Empleos de RD aquí
